mon divisor of z and j?
8
Suppose 5*b = -0*d - 2*d + 56, -b - 2 = 0. Let q = 27 - 16. Let y be (-1 + -2 - -3) + q. Calculate the greatest common divisor of d and y.
11
Suppose 12*d - 539 = 5*d. Let l(i) = -i**3 - 7*i**2 + 17*i - 8. Let j be l(-9). Let q = j - -6. What is the highest common factor of q and d?
7
Let o be (-3)/9 - 438/(-18). Suppose 14*u = 22*u - o. What is the highest common factor of u and 78?
3
Let a be (2/4)/((-609)/(-606) - 1). Suppose -4*m - 5*b + 375 = 0, 2*m - a - 86 = -3*b. What is the highest common factor of 19 and m?
19
Let h(k) = -33*k - 19. Let q be h(-1). Let u be (-210)/10*3*-2. What is the greatest common factor of u and q?
14
Suppose -2*t + 2 = 0, -29*v + 68 = -26*v - t. Calculate the greatest common divisor of 115 and v.
23
Let u be 1 - 4/(-8)*38. Suppose 4*o - 36 - u = 0. Let z = -105 - -161. Calculate the highest common factor of o and z.
14
Let n(m) = -m**2 + 2*m + 3. Let f be n(3). Suppose f = q + 3*q. Suppose -t + q*t = 5*d - 46, -d + 2*t = -7. What is the greatest common factor of 36 and d?
9
Let a be (7665/(-28))/((-9)/(-24)*-1). What is the greatest common divisor of a and 10?
10
Let r = -199 - -409. Suppose 6*y - 318 = r. Calculate the highest common divisor of y and 8.
8
Let c = -491 - -289. Let y = -103 - c. Suppose 0 = -2*d - v + 24, -v - v = d - 15. What is the highest common factor of d and y?
11
Let c = 40 - 39. Suppose 3*d + 4 - 7 = 0. Calculate the highest common factor of c and d.
1
Let w be -2 + 5*-1 + -1. Let d(h) = 6*h - 100. Let g be d(8). Let t be g/6*12/w. Calculate the greatest common divisor of 26 and t.
13
Let m be 44/(-2)*273/(-42). Let q = 5 + -5. Suppose 3*o - 39 = -q*o. Calculate the highest common factor of o and m.
13
Let s = -26 + 30. Suppose -46 = -3*h - s. What is the greatest common factor of h and 7?
7
Let g(d) = d**2 - 2*d - 5. Let a be g(7). Suppose -420 = -9*l + 7*l. What is the highest common factor of a and l?
30
Let u be 19/(-133) - (-58)/14. Let x be 45 - (-4 + u/4). Suppose 3*f - f - 64 = 0. Calculate the greatest common factor of x and f.
16
Suppose 0 = 4*c + c - 70. Let p be 14/49 + (-4)/c. Let a be (16/(-5) + p)*-5. Calculate the greatest common factor of 112 and a.
16
Let k(x) = x**3 - 16*x**2 - 9*x - 5. Let f be k(17). Suppose -c + f = 4*g - 2*g, 5 = 5*c. Calculate the greatest common divisor of 13 and g.
13
Let z = -27 + 13. Let i = z + 16. Let r be (4 - i) + 0 + 9. What is the highest common factor of 11 and r?
11
Suppose 0 = 3*i - 6, n + 60 = 4*n + 3*i. Suppose -2*l = l - b - n, 5*b = 0. What is the greatest common divisor of l and 6?
6
Suppose -522 - 162 = -4*t. Let k be (-2)/(-10) - t/(-45). Calculate the greatest common divisor of k and 6.
2
Suppose -175 = 32*z - 39*z. What is the highest common factor of 100 and z?
25
Let k = 11 - 2. Let a = k - 9. Let d(w) = w**2 + w + 330. Let h be d(a). Calculate the highest common divisor of 30 and h.
30
Suppose 0 = 4*j - 4*b - 132, -2*j - 5*b = -4 - 55. What is the highest common divisor of 368 and j?
16
Suppose 77*p + 528 = 81*p. Calculate the highest common factor of 924 and p.
132
Let x = -29 + 34. Let b(y) = -4*y**2 + 0*y**2 + x*y**2 - 10 - y + 0*y**2. Let s be b(-9). Calculate the highest common divisor of 32 and s.
16
Let f be ((-72)/216)/(2 - 523/261). Suppose 2*m - 696 = -4*m. What is the highest common divisor of f and m?
29
Let n(a) = -6*a + 34 - 3*a - 2*a - 6. Let g be n(-7). What is the highest common factor of 42 and g?
21
Let t be (-327)/2*20/(-15). Let x = t + -120. What is the highest common factor of x and 14?
14
Suppose 0*g - 18 = -3*g. Suppose 0 = 6*c + 3 + 3. Let w(v) = 11*v**2 - v. Let b be w(c). What is the greatest common divisor of g and b?
6
Suppose 61*o - 30 = 59*o. Suppose 0 = 4*s + s - 2*p - 604, 5*s - 598 = -p. What is the greatest common factor of o and s?
15
Let i = -103 + 220. What is the greatest common factor of 18 and i?
9
Let m = -46 - -94. Calculate the highest common factor of m and 336.
48
Suppose -x = t - 19, -2*x + 26 = 5*t - 21. What is the greatest common factor of 16 and x?
16
Suppose -9*j + 22*j - 416 = 0. What is the highest common factor of 488 and j?
8
Let u be (-42)/(-8) + -4 - (-12)/16. Calculate the greatest common factor of 14 and u.
2
Let i(k) = 7*k**3 - k**2 + 2*k - 6. Let p be i(3). What is the greatest common divisor of p and 315?
45
Let w(v) = -3 - 3 - 1 - 4*v. Let m be w(-6). Let k(g) = 86*g - 638. Let j be k(9). Calculate the highest common factor of m and j.
17
Let q(x) = -x**3 - x - 136*x**2 + 66*x**2 + 8 + 64*x**2. Let h be q(-7). What is the greatest common divisor of 160 and h?
32
Let k be ((-2)/(-2))/((-31)/(-899)). What is the highest common factor of k and 841?
29
Let v = -614 + 660. What is the greatest common divisor of v and 6?
2
Let a(h) = 5*h - 41. Let k be a(10). Suppose -k = 5*m + 1, 10 = 3*i - 2*m. What is the highest common divisor of 8 and i?
2
Suppose -3*y + 813 + 17 = m, 0 = 4*m + 5*y - 3355. What is the greatest common factor of m and 39?
13
Let i(u) = 2*u**2 - 3*u + 2. Let l be i(2). Suppose -l*z = -2*z + 12. Let r be 32/z*12/(-8). Calculate the greatest common divisor of r and 4.
4
Suppose 13*h - 4*x + 236 = 17*h, -3*h - 4*x = -173. What is the greatest common factor of h and 63?
63
Let s(p) = 6*p - 7. Let o be 105/12 + 9/(-12). Let h = 11 - o. Let v be s(h). Calculate the highest common factor of v and 1.
1
Suppose 0 = -4*i + 5 + 3, -494 = -2*q - 2*i. Calculate the greatest common divisor of q and 7.
7
Let s = -1 + 4. Suppose s*j = 5*j - 6. Suppose -4*a = -j - 5. Calculate the greatest common divisor of a and 1.
1
Suppose 36 = 3*p + p - 4*g, -2*p = 4*g - 36. What is the greatest common divisor of 150 and p?
6
Let p(y) = 34*y + 1554. Let j be p(-45). Let k = 80 - 56. What is the greatest common factor of j and k?
24
Let u be 2*(3 - 1 - (-293)/2). What is the highest common divisor of u and 33?
33
Suppose -4*q = 2 - 494. What is the highest common factor of q and 410?
41
Let j be 5 + (-25)/(-15) - 2/3. What is the highest common factor of j and 318?
6
Let r(c) = c**3 + c**2 - c + 5. Let l = -7 - -10. Let w be r(l). What is the highest common divisor of 19 and w?
19
Suppose g = -g + 84. Let d be (54 + -110)*2/(-4)*1. What is the highest common divisor of g and d?
14
Let c(b) = b**3 + 18*b**2 + 24*b - 9. Let m be c(-15). Calculate the greatest common divisor of 36 and m.
18
Suppose 0 = 3*v - p - 7, 0 = -v + 4*p + 5 + 1. Let s be 32/v - (6 - 2). Calculate the greatest common divisor of 24 and s.
12
Suppose -5*a + 4*o = -377, -5*a + 3*o - o = -381. Let d = -2692 + 2699. Calculate the highest common factor of d and a.
7
Let x be 5/((-200)/(-264)) + (4/(-5))/(-2). Suppose -5*t - 4*m = -9, -4*t + 3*m = -0 - 1. What is the greatest common factor of t and x?
1
Let l be -2*((-36)/(-8) - -2). Let v = l + -12. Let f = v + 41. What is the greatest common factor of 80 and f?
16
Let b(s) = s**2 - 3*s - 2. Let y be b(2). Let a be (-6)/1*y/12. Suppose -q + h = -3, -3*h = -4*q + 9 + 4. What is the greatest common factor of q and a?
2
Suppose 0 = -h + 131 - 11. Suppose 0 = -5*t + r + 120, 2*r - 24 = -2*t + t. What is the highest common divisor of t and h?
24
Let f be -3 - 6/9*-9. Suppose 12 = 4*t + 4, 0 = -f*l + 4*t + 49. Suppose 2*d + 161 = 3*v, v - 47 = 4*d - 2*d. What is the highest common divisor of v and l?
19
Let o = 203 - 133. Calculate the highest common divisor of 196 and o.
14
Let w = 3 + 5. Let h = 18 - -18. Suppose 108 = 2*n - 0*b - b, -h = -n + 5*b. What is the greatest common divisor of w and n?
8
Let l be (-389)/(-15) + (-10)/(-150). Calculate the highest common divisor of 26 and l.
26
Suppose 4500 = 45*w - 30*w. What is the highest common factor of 60 and w?
60
Let i(n) = -n**2 + 11*n + 12. Let c be i(11). Let v(x) = x**3 + 9*x**2 - 23*x + 1. Let d be v(-11). What is the greatest common divisor of d and c?
12
Let u(r) = 2*r + 18. Let i be u(26). What is the highest common factor of i and 50?
10
Suppose -1 = 5*r + 9. Let p(v) = -5*v + 20. Let m be p(r). Calculate the greatest common divisor of 20 and m.
10
Let o = -4 - -31. Let v = 27 + -18. What is the greatest common divisor of o and v?
9
Let p = 8 - 4. Suppose 8*n - p*n = 32. Suppose 48 = -6*c + n*c. What is the greatest common divisor of 12 and c?
12
Suppose 3*u = -5*n + 871, -n = 